divided by -25*-3*v/(-45).
9
Calculate the remainder when (-3 - -5) + (-12)/(-2) is divided by 6.
2
Suppose -v + 3 = 0, -3*w = w + 3*v - 609. What is the remainder when w is divided by 8?
6
Let t(k) = -k**2 - 7*k + 4. Let v be t(-9). Let q = 36 + v. Suppose 3*a = -0*a + 2*u + 32, -3*a = 5*u - 46. Calculate the remainder when q is divided by a.
10
Let d = -5 - -8. What is the remainder when 40 is divided by (24 - d)/((-9)/(-6))?
12
Suppose 0 = 3*w - 0*w + 12. Let j(f) = -f**3 - 3*f**2 - 2*f - 3. Let u(y) = 2*y + 3. Calculate the remainder when j(w) is divided by u(4).
10
Suppose 0 = 4*l - 14 - 42. Let h be (-152)/(-6) + (-4)/(-6). Let n = h + 14. Calculate the remainder when n is divided by l.
12
Suppose 0 = z + v - 4*v - 9, 5*z = 5*v + 55. What is the remainder when -6 + (-15)/(-3) + 24 is divided by z?
11
Let q = 21 - 13. What is the remainder when q is divided by 3?
2
Let v be (3 - -2)*4/5. Suppose -4*l + 12 = v. Suppose l*w = -2*x - 0*x + 4, 12 = -3*w. Calculate the remainder when 21 is divided by x.
3
Suppose 3*w - 694 = 17. Suppose -5*t + 5*d + 201 = -194, 3*t = -d + w. What is the remainder when t is divided by 20?
19
Let d(u) = 9*u - 42. What is the remainder when d(8) is divided by 12?
6
Suppose 0 = -3*d + 152 - 20. Let l(o) = o**2 + 12*o + 11. Let j be l(-10). Let p = 14 - j. Calculate the remainder when d is divided by p.
21
Suppose 0 = 4*j - 160 + 60. What is the remainder when 48 is divided by j?
23
Let q(c) = -c**2 + 4*c + 3. Let s be q(6). Let t = 23 + s. Suppose t = 2*f - 38. What is the remainder when f is divided by 9?
8
Suppose 13*u = 5*u + 744. What is the remainder when u is divided by 12?
9
Calculate the remainder when 1/2 - 36/(-8) is divided by (22 + (-2 - 0))*(-2)/(-8).
0
Let k = 3 + -1. Suppose -d + k*z + 12 = 0, -6*z + z = 4*d - 113. Calculate the remainder when d is divided by 12.
10
Suppose -2*a + 10 = -22. Suppose w - a = -w. What is the remainder when 31 is divided by w?
7
Let v = 160 + -121. What is the remainder when v is divided by 5?
4
Let j(o) = o + 52. Calculate the remainder when j(8) is divided by 21.
18
Suppose -2*m - 3*y + 339 = 58, 3*m = 3*y + 384. What is the remainder when m is divided by 17?
14
Let i(a) = -2*a**2 + a. Let v be i(3). Let u = v - -25. Calculate the remainder when u is divided by (-2 + (-6)/(-9))*-3.
2
Calculate the remainder when 31 is divided by 86/11 - (-4)/22.
7
Let m = -4 - -7. Suppose b - m*b - 12 = -2*l, 4*l - 21 = 5*b. Let d = 17 - 0. What is the remainder when d is divided by l?
8
Suppose 6*z - 22 = 20. Suppose 2*w - 3*w = 5*f + 9, 4*w - 36 = -2*f. Calculate the remainder when w is divided by z.
4
Let i(u) = u**3 + 1. Let z(p) = 2*p**2 - 7. Let c(y) = 5*i(y) + z(y). Let m(x) = x**2 + 6*x - 11. What is the remainder when c(2) is divided by m(-9)?
14
Suppose 0 = -5*h + 9 + 6. Let l = -2 - -5. Suppose -l*w = 3, -3*s - s - h*w = -61. What is the remainder when s is divided by 6?
4
Suppose -3*y + 7*y - 8 = 0. What is the remainder when 2/((-432)/(-213) - y) is divided by 18?
17
Let q(l) = l**3 - l**2 - 3*l + 3. What is the remainder when q(2) is divided by 1?
0
Let o = 37 + -54. Let j = o + 34. What is the remainder when 33 is divided by j?
16
Let k = -2 + 6. Suppose 270 = x + k*x. What is the remainder when x is divided by 11?
10
Suppose 2*q - 49 = -3*t + 6*q, q = 5*t - 59. Calculate the remainder when t is divided by 4.
3
Let z(m) = -m**2 + 9*m + 1. What is the remainder when z(5) is divided by (-1 - 8*(-2)/4) + 5?
5
Suppose 2*l = -2*y + 5*l + 12, 2*y + 4*l = -2. Let p = y - -9. What is the remainder when 480/14 - 6/21 is divided by p?
10
Suppose 2*o + 2*p = 4*p + 4, 7 = 5*o - 2*p. Suppose 0 = -3*j - 2 + 5. Suppose j = -h + 2. Calculate the remainder when h is divided by o.
0
Calculate the remainder when 2/5 + (-7)/((-175)/465) is divided by 5.
4
Suppose -3*p - 83 = -5*v + 240, 0 = 3*v - 3*p - 195. Suppose 0*a = -2*a + v. Calculate the remainder when a is divided by (34/(-8))/(1/(-4)).
15
Let h be (22/(-55))/((-1)/35). Suppose -1 = -c + h. What is the remainder when 58 is divided by c?
13
Let n be 18/(-4)*8/(-12). Let w = 15 - n. Calculate the remainder when 22 is divided by w.
10
Let x(y) = y**3 - 5*y**2 + 6. Let m be x(5). Let b = 12 - m. What is the remainder when 16 is divided by b?
4
Let j = -16 - -34. Suppose 2*t - j = t. Suppose 0 = -d + 2*f + 2 + 7, -4*d + 31 = -3*f. Calculate the remainder when t is divided by d.
4
Suppose 10 + 20 = 5*b. Let y be 1/(-4 + 3) + 7. Suppose 0 = t - y - 3. Calculate the remainder when t is divided by b.
3
Let b(v) = 2*v**3 + 3*v**2 - 4*v + 2. Let h(u) = u**2 - 3*u + 2. Let c be h(3). What is the remainder when b(c) is divided by 12?
10
What is the remainder when (-84)/(((-12)/4)/3) is divided by 22?
18
Suppose 2*m + 10 = -2*w, -2*w = -2*m - 4 - 6. Let a = m - -3. Calculate the remainder when (-1)/a - 194/(-4) is divided by 17.
15
Let q = -9 - -11. Suppose 4*y - 32 + 4 = 0. Calculate the remainder when y is divided by q + (-4)/(-2) + -1.
1
Suppose -p = 4*p - 5. Suppose 4*m = 3 + p. Calculate the remainder when m is divided by 1.
0
Let o = 7 - 7. Suppose -2*r + 1 + 29 = o. What is the remainder when 28 is divided by r?
13
Let k = 42 - 30. Let i = k + 5. What is the remainder when i is divided by 6?
5
Calculate the remainder when 43 is divided by (9/(-4))/((-2)/8).
7
Let r(y) = 3*y - 7. What is the remainder when 2/(-3) + (-623)/(-21) is divided by r(5)?
5
Let h(v) = v**2 - v + 6. Let y be h(7). Suppose -4*w - y = -w. What is the remainder when 9 is divided by w/(-4) - (1 - 2)?
4
Suppose -14 = s - 3*s. Let q be (0 + 2/(-4))*-2. Calculate the remainder when s is divided by 2/((q/(-2))/(-1)).
3
Let y = 21 - 21. Suppose -2*d = 5*v - 166, 4*v + y*d - 130 = -3*d. What is the remainder when v is divided by 9?
7
What is the remainder when (-2)/(-8)*(11 + 9) is divided by 2?
1
Suppose 0 = 7*h - 2*h + 4*l - 7, 4*l + 17 = 3*h. Let m(k) = -k - 2*k**2 - 4*k + 0*k**2 + 4*k**3 - 3*k**3 - h. What is the remainder when m(4) is divided by 4?
1
Suppose -4*t = -45 - 23. Calculate the remainder when 65 is divided by t.
14
Suppose 2*k = 5*b + 13 + 27, -2*b = -5*k + 79. What is the remainder when k is divided by (-4)/3*-3 + 2?
3
Suppose 3*y + 18 = -4*z, -5*y - 4 = -3*z + z. Let k(v) = v**3 + 3*v**2 - 2*v + 3. Calculate the remainder when 35 is divided by k(z).
8
Let l = -5 - -8. Let a(i) = -i**2 - 4 + 6 - i + l*i. Calculate the remainder when a(2) is divided by 2.
0
Let g(m) = -m + 23. What is the remainder when 101 is divided by g(-3)?
23
Suppose q + 4*p = 45, -5*q + 4*p = 83 - 260. What is the remainder when 72 is divided by q?
35
Let g(l) = 2*l**2 - 5*l - 20. Calculate the remainder when 37 is divided by g(6).
15
Suppose -3*n + 10 = 5*d, 4*d - 7*n = -2*n + 45. Let q = -1 - -2. Suppose -2 - q = -m. What is the remainder when d is divided by m?
2
What is the remainder when (-84)/18*(-81)/6 is divided by 16?
15
Let c = 46 - 72. What is the remainder when 35 is divided by c/(-3) - 1/(-3)?
8
Let x(u) = -u**3 + 5*u**2 + 2*u - 2. Let h be x(-3). Let w = h - 17. What is the remainder when w is divided by 16?
15
Let d(v) = -v**3 + v**2 + v + 4. Let h be d(0). Let p = 57 + -49. Suppose h = y - p. What is the remainder when 22 is divided by y?
10
Suppose -o + 50 = o. Let u = o - 13. What is the remainder when 45 is divided by u?
9
Suppose 0 = -6*o + 2*o. Let z(r) = 7*r - 6. Let s be z(2). Suppose -n = i - 11, o*n + 2*n = s. What is the remainder when 20 is divided by i?
6
Suppose 0*q = -5*q + 80. Calculate the remainder when 62 is divided by q.
14
Suppose -5*v + 2*g + 2 = -5, 10 = 5*v - 5*g. Let a(o) = 20*o**3 - 2*o**2 + 2*o - 1. Calculate the remainder when 37 is divided by a(v).
18
Let x(u) = -11 + 7 - 8*u + 5. Calculate the remainder when x(-6) is divided by 13.
10
Suppose -2*j + 3*j - 19 = -5*b, 176 = 5*j - 2*b. Calculate the remainder when j is divided by (6/(-5 - -3) + 1)*-9.
16
Suppose -4 = t, -3*x + 2*t = -8*x + 17. Suppose -x*n - s + 120 = 0, 0 = -n - 4*n + 3*s + 100. Calculate the remainder when 68 is divided by n.
22
Let d be (6/4)/(6/32). Let o(a) = 5*a - a + 0*a. Calculate the remainder when o(d) is divided by 11.
10
Let l be (21/(2 + -5))/(-1). Suppose -5*c - 5*x = -145, l*c + x = 2*c + 129. Let p = -15 + c. What is the remainder when p is divided by 6?
4
S